16 and 832.
416
What is the highest common factor of 9 and 423?
9
Calculate the highest common factor of 48 and 4308.
12
Calculate the greatest common factor of 231 and 105.
21
Calculate the greatest common divisor of 68 and 15028.
68
Calculate the highest common factor of 117 and 65.
13
What is the highest common divisor of 6848 and 64?
64
What is the greatest common divisor of 35 and 2870?
35
Calculate the greatest common factor of 870 and 30.
30
Calculate the greatest common factor of 2793 and 21.
21
What is the highest common divisor of 2010 and 12395?
335
Calculate the greatest common factor of 24 and 768.
24
What is the highest common divisor of 156 and 48?
12
What is the greatest common factor of 33 and 2013?
33
Calculate the greatest common divisor of 19 and 76.
19
Calculate the highest common factor of 65 and 117.
13
What is the greatest common divisor of 1691 and 89?
89
Calculate the highest common divisor of 539 and 462.
77
Calculate the greatest common factor of 180 and 260.
20
Calculate the highest common divisor of 12 and 108.
12
Calculate the highest common divisor of 18 and 12051.
9
What is the highest common factor of 13330 and 31?
31
Calculate the greatest common divisor of 624 and 2236.
52
Calculate the greatest common divisor of 127 and 889.
127
What is the greatest common factor of 572 and 390?
26
Calculate the greatest common divisor of 1391 and 13.
13
Calculate the greatest common divisor of 1508 and 104.
52
Calculate the greatest common factor of 9 and 27.
9
What is the highest common divisor of 12 and 10?
2
Calculate the greatest common factor of 806 and 13.
13
Calculate the highest common divisor of 13 and 143.
13
Calculate the greatest common factor of 24 and 252.
12
Calculate the highest common divisor of 130 and 15.
5
Calculate the greatest common factor of 391 and 34.
17
Calculate the greatest common factor of 42 and 42.
42
What is the highest common divisor of 30 and 1245?
15
What is the highest common divisor of 6 and 822?
6
Calculate the highest common factor of 6014 and 31.
31
Calculate the highest common factor of 64 and 3.
1
Calculate the highest common divisor of 6254 and 59.
59
Calculate the highest common divisor of 36 and 500.
4
Calculate the highest common divisor of 24 and 147.
3
What is the greatest common divisor of 2 and 9?
1
What is the highest common divisor of 8 and 5?
1
What is the greatest common divisor of 3201 and 231?
33
What is the greatest common divisor of 8 and 504?
8
What is the highest common factor of 60 and 2190?
30
What is the highest common divisor of 1040 and 65?
65
Calculate the greatest common divisor of 120 and 4884.
12
Calculate the greatest common factor of 666 and 74.
74
Calculate the greatest common divisor of 512 and 8.
8
Calculate the highest common divisor of 4 and 428.
4
Calculate the greatest common divisor of 14 and 182.
14
Calculate the highest common factor of 154 and 56.
14
What is the highest common factor of 119 and 21?
7
What is the highest common divisor of 60 and 75?
15
Calculate the highest common factor of 640 and 95.
5
What is the highest common divisor of 14 and 24?
2
Calculate the greatest common divisor of 9 and 207.
9
What is the highest common divisor of 9231 and 51?
51
Calculate the greatest common factor of 15588 and 108.
36
What is the highest common factor of 180 and 3840?
60
Calculate the greatest common factor of 44 and 264.
44
Calculate the highest common divisor of 2701 and 2.
1
What is the highest common divisor of 58 and 6?
2
Calculate the greatest common factor of 12670 and 724.
362
What is the highest common factor of 39 and 949?
13
Calculate the highest common factor of 44 and 374.
22
What is the highest common factor of 21 and 224?
7
Calculate the highest common divisor of 12852 and 56.
28
Calculate the highest common factor of 63 and 8946.
63
What is the highest common factor of 82 and 656?
82
What is the highest common factor of 1128 and 42?
6
Calculate the highest common divisor of 215 and 35.
5
Calculate the highest common divisor of 286 and 52.
26
What is the highest common divisor of 63 and 3353?
7
What is the highest common factor of 3 and 75?
3
What is the greatest common factor of 900 and 3400?
100
What is the highest common factor of 324 and 2997?
81
What is the greatest common factor of 10 and 10?
10
Calculate the greatest common divisor of 6955 and 130.
65
Calculate the greatest common factor of 54 and 12.
6
Calculate the highest common divisor of 5092 and 19.
19
What is the greatest common divisor of 6640 and 16?
16
Calculate the greatest common factor of 66 and 54.
6
Calculate the highest common divisor of 6275 and 2008.
251
What is the greatest common factor of 4 and 164?
4
Calculate the highest common factor of 36 and 810.
18
What is the highest common factor of 1160 and 14152?
232
What is the highest common divisor of 187 and 68?
17
Calculate the highest common factor of 418 and 88.
22
What is the greatest common factor of 240 and 1020?
60
What is the highest common divisor of 1860 and 36?
12
What is the greatest common factor of 18 and 42?
6
What is the highest common divisor of 23 and 529?
23
Calculate the greatest common divisor of 58468 and 188.
188
What is the highest common factor of 1089 and 88?
11
Calculate the highest common divisor of 18 and 666.
18
What is the greatest common factor of 120 and 20280?
120
What is the greatest common divisor of 580 and 520?
20
Calculate the highest common divisor of 816 and 496.
16
What is the greatest common factor of 231 and 539?
77
What is the greatest common factor of 44655 and 195?
195
Calculate the highest common factor of 121 and 913.
11
Calculate the greatest common factor of 418 and 22.
22
Calculate the greatest common divisor of 11 and 6.
1
What is the highest common factor of 414 and 4392?
18
What is the highest common divisor of 2415 and 210?
105
What is the greatest common factor of 297 and 132?
33
What is the highest common factor of 48 and 1064?
8
What is the greatest common factor of 15 and 1365?
15
What is the highest common factor of 33 and 187?
11
Calculate the highest common factor of 391 and 46.
23
What is the greatest common divisor of 2368 and 74?
74
Calculate the greatest common divisor of 3 and 951.
3
Calculate the greatest common divisor of 21 and 777.
21
Calculate the highest common factor of 1722 and 1323.
21
Calculate the highest common divisor of 55 and 275.
55
Calculate the highest common factor of 21 and 42.
21
Calculate the greatest common divisor of 3572 and 380.
76
Calculate the greatest common divisor of 2911 and 142.
71
Calculate the highest common factor of 3 and 5961.
3
What is the highest common factor of 3 and 687?
3
Calculate the highest common divisor of 27 and 3429.
27
Calculate the highest common divisor of 387 and 344.
43
Calculate the highest common factor of 5 and 3.
1
Calculate the greatest common factor of 221 and 13.
13
What is the highest common factor of 871 and 52?
13
What is the highest common factor of 324 and 126?
18
What is the greatest common factor of 67 and 1943?
67
What is the highest common factor of 3979 and 23?
23
What is the greatest common divisor of 380 and 304?
76
Calculate the greatest common divisor of 289 and 34.
17
Calculate the greatest common factor of 36 and 99.
9
Calculate the highest common factor of 305 and 976.
61
What is the greatest common divisor of 162 and 189?
27
Calculate the highest common divisor of 1054 and 34.
34
Calculate the greatest common factor of 2021 and 1591.
43
What is the greatest common divisor of 33 and 759?
33
Calculate the greatest common divisor of 128 and 24.
8
What is the highest common divisor of 1521 and 18?
9
What is the greatest common divisor of 83 and 25481?
83
Calculate the highest common divisor of 798 and 114.
114
Calculate the highest common factor of 27958 and 14.
14
What is the highest common divisor of 551 and 19?
19
What is the greatest common factor of 40 and 712?
8
What is the greatest common factor of 464 and 3451?
29
What is the greatest common factor of 12 and 6?
6
Calculate the highest common divisor of 136 and 104.
8
Calculate the greatest common divisor of 40 and 8.
8
Calculate the greatest common factor of 5 and 265.
5
What is the highest common f